 w(z) = -z**3 - 7*z**2 - 6*z + 1. Suppose 5*g + 32 = 2*x - x, x = 3*g + 20. Give w(g).
1
Let g(w) = -w**3 - 3*w**2 - 3*w - 1. Suppose -6 = v - 4. What is g(v)?
1
Let j(f) be the second derivative of f**3/6 + 20*f. Let z(r) be the third derivative of -r**6/120 + r**5/15 - r**4/8 + r**3/2 + r**2. Let u be z(2). Give j(u).
5
Let q be 7/(-28) + (-7)/(-4). Let l(k) be the first derivative of -k - 2 + q*k**2. What is l(3)?
8
Let m(p) = -16*p**3 + 5*p**2 + 5*p - 2. Let t(n) = 33*n**3 - 11*n**2 - 11*n + 5. Let v(k) = -7*m(k) - 3*t(k). Give v(-1).
-14
Let g be 6*4/18*3. Let f(u) = 3*u + 3 - 4*u - 3*u + 2*u. Calculate f(g).
-5
Let o(m) = m**2 - 3*m. Let v be o(2). Suppose 2*r = 3*r - 1. Let u(n) = 3 + n + r - 7 - 6*n. Give u(v).
7
Let g = 9 - 7. Let z(l) = -l**2 - g*l + 9 - 3 + 0*l**2. Determine z(-5).
-9
Let v(x) = -x. Let p(t) = -9*t + 1. Let y(m) = p(m) - 3*v(m). Calculate y(-1).
7
Let s(y) be the first derivative of -5*y**2/2 + y - 24. Calculate s(-2).
11
Let n(i) = 4*i. Suppose 3*u = 3 + 9. Suppose -3*m = 2*y + y - 6, 8 = u*m - 2*y. Suppose 5*o - m = -7. Calculate n(o).
-4
Let c(r) = -r**3 + r**2 - r + 1. Let s(v) = 3*v**3 + 5*v - 6. Let t(w) = 2*c(w) + s(w). What is t(-3)?
-22
Let s(i) = 0 + 2 - i**3 - 3. Let b(h) = -7*h + 85. Let l be b(12). What is s(l)?
-2
Let o(i) = -4*i**3 - 4*i - i - 4 + i**3 - 4*i**2 + 4*i**3. What is o(5)?
-4
Let n(g) = -g - 7. Let j(a) = a + 8. Let k(x) = 4*j(x) + 5*n(x). Calculate k(-6).
3
Let b(a) = -10*a**3 + 14*a**2 - 14*a + 7. Let o(g) = 7*g**3 - 9*g**2 + 9*g - 5. Let f(r) = 5*b(r) + 7*o(r). Calculate f(6).
-6
Let o(m) be the second derivative of m**7/120 - m**4/24 - m**3/3 - 3*m. Let d(l) be the second derivative of o(l). Suppose s + 0 - 1 = 0. Determine d(s).
6
Suppose 2 = 8*q - 30. Let g(v) = -v**2 + 5*v + 2. What is g(q)?
6
Let q(m) = 1 - m**2 + 4*m + 3*m + 4 + 5. Let r be q(8). Let j(h) = -h**r - 4*h**3 - 10*h**3 + 4*h**3. Determine j(1).
-11
Let f(t) = -t**3 + 3*t**2 - t - 2. Let k be (-25)/(-10)*(-12)/(-10). Determine f(k).
-5
Let i be 1*(-1 + (2 - -1)). Let j(w) = -3*w**2 + 2*w**2 - 3*w**3 + 4*w**3 - 1 + w. Determine j(i).
5
Suppose -3*a + 20 = 5. Let g = -1 - -2. Let r(q) = -4 + q**2 - 2*q**2 - g + 5*q. Give r(a).
-5
Suppose -50 = -5*w + 3*w. Let i = -19 + w. Let g(c) = c**3 - 6*c**2 - c - 2. Give g(i).
-8
Suppose i = -0*i - 9. Let a(x) = 2*x + 5. Let c(r) = -4*r - 11. Let h(n) = i*a(n) - 4*c(n). Let b = -4 - -6. Give h(b).
-5
Let b be (-4)/(-6) - (-65)/15. Let d = 3 - b. Let l(z) = z**3 + 2*z**2 - 2*z - 2. Give l(d).
2
Suppose -c = 3*c - 12, 2*q + 2*c = 4. Let t(p) = -9*p**3. Give t(q).
9
Let x = -25 + 27. Let h(k) = -k**3 - 7*k**2 + 2. Let a be h(-7). Let t(m) = -a*m**3 + 2*m**2 - 2*m + 4*m**2 - 2*m**2. What is t(x)?
-4
Let a(s) be the second derivative of -7*s**3/6 - s + 4. Suppose 4*b - 4*t + 9 + 3 = 0, 0 = -b - 4*t + 22. What is a(b)?
-14
Let v(w) be the first derivative of -w**4/12 + 2*w**2 - 2*w - 3. Let x(p) be the first derivative of v(p). Determine x(-3).
-5
Let x = 75 + -79. Let n(l) = 2*l**2 - 9*l - 4. Let y(f) = -3*f**2 + 17*f + 8. Let u(p) = -5*n(p) - 3*y(p). Give u(x).
4
Let k(l) = l**2 - 3*l. Let g = -3 - -7. Suppose -u + 1 + 3 = 0, -g*j = -u - 12. Calculate k(j).
4
Let t = 1 + 2. Suppose -5*i + t = 4*m + 39, 3*m + 3*i + 24 = 0. Let r(f) = -f + 1. Give r(m).
5
Let s(c) = -1 - 4*c + c - 4*c + 3 + c**2. Determine s(6).
-4
Suppose -3*g - 4*w + 23 = 0, -5*w + 35 = 7*g - 2*g. Let p(a) = -a**2 + 6*a - 5. What is p(g)?
0
Let c(h) be the second derivative of -h**4/12 - 7*h**3/6 - 3*h**2 - 19*h. What is c(-6)?
0
Let c be (0 + -8)*((-7)/(-4) - 1). Let h(k) = -k**2 - 5*k. Give h(c).
-6
Let n(x) be the second derivative of x**4/6 - x**2 + x. Let y be (-26)/(-195) - (-64)/(-30). What is n(y)?
6
Let y(q) = 5*q - 18 + 18. Calculate y(-1).
-5
Let i(f) be the second derivative of -f**3/6 - 3*f**2/2 - f. Suppose 3*n = -7*r + 4*r + 18, 4*r - 2*n - 42 = 0. Let p = 6 - r. Calculate i(p).
0
Let m(j) be the first derivative of -j**2 + 2*j - 16. Suppose 9 = 2*a - 5*o, -3*o + 9 = 4*a + 30. What is m(a)?
8
Let q be 3*2/(-12) + (-7)/(-2). Let p = 2 - 0. Let d(z) = -p*z + 3*z + z. Calculate d(q).
6
Let p(l) = l**2 - 3*l - 1. Let q = -12 + 17. Give p(q).
9
Suppose -9*k = -5*k - 20. Let r = 41 - 20. Suppose -6 = -k*b - r. Let x(v) = -v**2 - 3*v. Determine x(b).
0
Suppose 3 = 2*s + 1. Let f be -2 + 15/(2 + s). Let n(t) = -t - 2*t**2 + t**2 + f + 1. Determine n(-4).
-8
Let u(o) = -40*o**2 + 0*o + 2*o + 39*o**2 + 2. Calculate u(3).
-1
Let u(r) = -2*r - 6. Let q(w) = -w + 9. Let y(g) = g - 17. Let o(d) = -5*q(d) - 3*y(d). Let a(z) = 4*o(z) + 5*u(z). Give a(-6).
6
Suppose -i + 5*c - 21 = 0, -2*i - 3*c = -5*i - 27. Let j(b) = b**2 + 4*b + 3. Calculate j(i).
15
Let r(g) = -2*g**2 + 3*g. Suppose -4*t + 5*a + 18 = 0, 5*t - 6 = a - 3*a. Determine r(t).
-2
Let u be 2 + -2 - (-3 + -8) - 2. Let q(r) = r**3 - 10*r**2 + 9*r + 5. Give q(u).
5
Let h(j) = -7*j + 1. Let x(q) = 5*q + 1 - 3*q - 3 + 4*q. Let a(s) = -4*h(s) - 5*x(s). Determine a(5).
-4
Let u(v) be the first derivative of -v**3 + v**2 - v - 9. What is u(2)?
-9
Let h(c) be the second derivative of -c**5/20 - c**4/4 - c**3/6 + c**2 + 13*c. Calculate h(-3).
5
Let g(x) = 0*x**2 - 2 + 13*x + 0*x**2 - 2*x**2 + 8*x**2. Let p(f) = 3*f**2 + 6*f - 1. Let a(m) = 6*g(m) - 13*p(m). Calculate a(-1).
-2
Let p(o) be the second derivative of o**4/6 + o**3/6 + o. Suppose -2*r = -17 + 7. Let a be r/(-4) - (-1)/4. Determine p(a).
1
Let f(t) be the first derivative of -t**3/3 + 2*t + 107. Suppose -m + 1 = -1. What is f(m)?
-2
Suppose 2 = -l + 6. Let p(s) = 13 + l*s + 4 - 12. Give p(-4).
-11
Let p(k) = -k**2 + 8*k + 5. Let g(q) = -q**2 + 9*q + 6. Let n(j) = 6*g(j) - 7*p(j). What is n(1)?
0
Let t be (3/6)/1*0. Let m be t + 4 - 5/(-5). Let h(j) = j**2 - 6*j - 3. Calculate h(m).
-8
Suppose -2*y + 6 = y - 5*d, 3*d = 0. Suppose 3*x + 5 = -y*x. Let w(j) = -7*j**2 + 2*j + 1. Determine w(x).
-8
Let l(q) = 6*q + 3 - 3 - 16*q**2 - 5*q. Calculate l(1).
-15
Let k = 1 + 2. Suppose k*l = 5*l - 4. Let d(y) = -7 + 5*y**2 - 3*y + 2*y**l + y**3 - 3*y**2 + 1. Determine d(-4).
6
Let v(u) = -u**3 + 5*u**2 - 6. Let w = 3 - -9. Suppose w = 4*k - 8, -3*q - 2*k = -25. Calculate v(q).
-6
Let l(n) = -n**2 + 1. Let c(w) = -w**2 + 7*w - 4. Let r be c(6). Suppose 0 = -2*p + p + r. Determine l(p).
-3
Let k(u) = -2*u**3 - 4 + 7*u**3 - 4*u**3 - 3*u - 3*u**2. Calculate k(4).
0
Let r = -125 + 132. Let u(s) = -s**2 + 7*s - 6. Calculate u(r).
-6
Let w(n) = -n**3 + 3*n - 1. Let r be w(2). Let s(l) be the third derivative of l**4/24 + l**3/2 - 15*l**2. What is s(r)?
0
Suppose 0*t + t = 20. Let n be (t/2 - 1)*1. Let h(b) = -b**2 + 8*b + 5. Let x be h(n). Let p(m) = -m**3 - 3*m**2 + 3*m + 2. What is p(x)?
6
Let o(r) = -14*r - 5. Let z(l) = -7*l - 2. Let s(y) = 3*o(y) - 7*z(y). Calculate s(-1).
-8
Let i(t) be the third derivative of t**6/120 + t**5/60 - t**4/24 + 8*t**2. Give i(0).
0
Let o(s) = -4*s + s**3 - 1 + 2*s**2 + 0*s + 0. Give o(-3).
2
Let z(j) = j**2 + j - 6. Let n(v) = 4*v**3 - 2*v**2 - 4*v - 3. Let o(f) = -5*f**3 + 3*f**2 + 5*f + 3. Let q(i) = 6*n(i) + 5*o(i). Let t be q(3). Give z(t).
-6
Let l(c) = -c**3 + 4*c**2 - c + 1. Let h be l(2). Let v(g) = -295 - 4*g + g**3 + 3*g - 7*g**2 + 305. Determine v(h).
3
Let i = -7 - -9. Let w(q) = i + 3*q**2 + q - 19*q**3 - 3 + 18*q**3. Determine w(4).
-13
Let x(y) = 21*y - 12*y - 10*y - 3. What is x(6)?
-9
Let k(y) = -y**2 - 13*y - 13. Let p be k(-11). Let u(o) = o**2 - 10*o + 5. Let r be u(p). Let h(f) = f**2 + 4*f**2 + f**3 + 2*f + 2*f + 5. Give h(r).
5
Let r(d) be the first derivative of d**4/4 - d**3 + 3*d**2/2 + 2. Let z be r(2). Suppose -z*j - 6 = -2. Let o(x) = -x + 2. Determine o(j).
4
Let u(s) = 2*s. Let h(j) = j + 2. Let g(o) = 3*h(o) - u(o). What is g(-8)?
-2
Let c = 1 - 1. Suppose 3*z + 2*n = -3, c = z + 3*n - 0 + 1. Let s(w) = 3*w**2 + w. Calculate s(z).
2
Let g(i) be the first derivative of i**3/3 + i**2/2 + i - 2. Let n(c) = -3*c**2 - 2*c - 3. Let k(s) = -7*g(s) - 3*n(s). Calculate k(2).
8
Let o(q) = -16*q**2 + 7. Let h = -5 + 12. Let w(x) = 5*x**2 - 2. Let c(y) = h*w(y) + 2*o(y). What is c(1)?
3
Let t(y) = -y**3 - 5*y**2 + 6*y + 7. Let a = -64 + 58. Give t(a).
7
Let t(q) be the second derivative of q**5/20 + q**4/6 - q**3/3 - 3*q**2/2 - q. Let p be (2 - -2)/(11 - 13). Deter